{"id":6911,"date":"2018-11-15T09:45:38","date_gmt":"2018-11-15T07:45:38","guid":{"rendered":"https:\/\/novalim.net\/eshop1\/?post_type=product&#038;p=6911\/"},"modified":"2026-05-11T10:55:26","modified_gmt":"2026-05-11T08:55:26","slug":"medove-cesto-bezglutenove","status":"publish","type":"product","link":"https:\/\/novalim.net\/eshop\/obchod\/hotove-bezglutenove-chladene-vyrobky\/medove-cesto-bezglutenove\/","title":{"rendered":"Medov\u00e9 cesto bezglut\u00e9nov\u00e9"},"content":{"rendered":"<p>Medov\u00e9 cesto bezglut\u00e9nov\u00e9- kvalitn\u00e9 a chutn\u00e9 hotov\u00e9 cesto na celoro\u010dn\u00e9 (a najm\u00e4 predviano\u010dn\u00e9) pe\u010denie. Sta\u010d\u00ed len rozva\u013eka\u0165 a m\u00f4\u017eete piec\u0165.<\/p>\n<p>Potravina ur\u010den\u00e1 aj pre zvl\u00e1\u0161tnu v\u00fd\u017eivu, pre osoby s nezn\u00e1\u0161anlivos\u0165ou lepku. Vyroben\u00e1 z prirodzene bezlepkov\u00fdch a bezp\u0161eni\u010dn\u00fdch surov\u00edn.<br \/>\n(glut\u00e9n &lt; 20mg\/kg)<\/p>\n<p><strong>N\u00e1vod na pou\u017eitie<\/strong>: Cesto ru\u010dne alebo v hneta\u010di prehnetieme, rozva\u013ek\u00e1me na hr\u00fabku asi 7 mm a formi\u010dkou vykrajujeme kol\u00e1\u010diky. Pe\u010dieme na 160 \u02daC asi 12 min\u00fat.<\/p>\n<p><strong>Cesto je vhodn\u00e9 na pr\u00edpravu:<\/strong> medov\u00fdch rezov, medov\u00e9ho kr\u00e9me\u0161a, medovn\u00edkov, pern\u00edkov, medovo-orechov\u00e9ho kol\u00e1\u010da a pod.<\/p>\n<p><strong>Inform\u00e1cia o v\u00fdrobku:<\/strong><br \/>\nZlo\u017eenie: Kukuri\u010dn\u00fd \u0161krob, kukuri\u010dn\u00e1 m\u00faka, ry\u017eov\u00e1 m\u00faka, tapiokov\u00fd \u0161krob, cukor, rastlinn\u00fd tuk (repkov\u00fd, palmov\u00fd), voda, med (8 %), su\u0161en\u00e1 <strong>vaje\u010dn\u00e1 hmota<\/strong>, <strong>s\u00f3jov\u00e1 m\u00faka<\/strong>, fermentovan\u00fd cukor, pern\u00edkov\u00e9 korenie, kypriace l\u00e1tky: dihydrog\u00e9ndifosfore\u010dnan disodn\u00fd, hydrog\u00e9nuhli\u010ditan sodn\u00fd, vanil\u00ednov\u00fd cukor. (glut\u00e9n &lt; 20 mg\/kg)<\/p>\n<p>100 g v\u00fdrobku priemerne obsahuje:<br \/>\n<strong>Energetick\u00e1 hodnota:<\/strong> 1521 kJ, 361 kcal; <strong>Tuky:<\/strong> 8,3 g z toho nas\u00fdten\u00e9 mastn\u00e9 kyseliny 2 g; <strong>Sacharidy:<\/strong> 67,4 g z toho cukry 26 g; <strong>Vl\u00e1knina:<\/strong> 1,1 g; <strong>Bielkoviny:<\/strong> 3,5 g; <strong>So\u013e:<\/strong> 0,4 g<\/p>\n<p>Balenie: 500 g<\/p>\n","protected":false},"excerpt":{"rendered":"<p>Medov\u00e9 cesto bezglut\u00e9nov\u00e9- kvalitn\u00e9 a chutn\u00e9 hotov\u00e9 cesto na celoro\u010dn\u00e9 (a najm\u00e4 predviano\u010dn\u00e9) pe\u010denie. Sta\u010d\u00ed len rozva\u013eka\u0165 a m\u00f4\u017eete piec\u0165.<\/p>\n<p>Potravina ur\u010den\u00e1 aj pre zvl\u00e1\u0161tnu v\u00fd\u017eivu, pre osoby s nezn\u00e1\u0161anlivos\u0165ou lepku. Vyroben\u00e1 <strong>z prirodzene bezlepkov\u00fdch<\/strong> a bezp\u0161eni\u010dn\u00fdch surov\u00edn.<br \/>\n(glut\u00e9n &lt; 20mg\/kg)<\/p>\n<p>Balenie: 500 g<\/p>\n","protected":false},"featured_media":11482,"comment_status":"closed","ping_status":"closed","template":"","meta":{"site-sidebar-layout":"default","site-content-layout":"","ast-site-content-layout":"default","site-content-style":"default","site-sidebar-style":"default","ast-global-header-display":"","ast-banner-title-visibility":"","ast-main-header-display":"","ast-hfb-above-header-display":"","ast-hfb-below-header-display":"","ast-hfb-mobile-header-display":"","site-post-title":"","ast-breadcrumbs-content":"","ast-featured-img":"","footer-sml-layout":"","theme-transparent-header-meta":"default","adv-header-id-meta":"","stick-header-meta":"","header-above-stick-meta":"","header-main-stick-meta":"","header-below-stick-meta":"","astra-migrate-meta-layouts":"set","ast-page-background-enabled":"default","ast-page-background-meta":{"desktop":{"background-color":"var(--ast-global-color-4)","background-image":"","background-repeat":"repeat","background-position":"center center","background-size":"auto","background-attachment":"scroll","background-type":"","background-media":"","overlay-type":"","overlay-color":"","overlay-opacity":"","overlay-gradient":""},"tablet":{"background-color":"","background-image":"","background-repeat":"repeat","background-position":"center center","background-size":"auto","background-attachment":"scroll","background-type":"","background-media":"","overlay-type":"","overlay-color":"","overlay-opacity":"","overlay-gradient":""},"mobile":{"background-color":"","background-image":"","background-repeat":"repeat","background-position":"center center","background-size":"auto","background-attachment":"scroll","background-type":"","background-media":"","overlay-type":"","overlay-color":"","overlay-opacity":"","overlay-gradient":""}},"ast-content-background-meta":{"desktop":{"background-color":"var(--ast-global-color-5)","background-image":"","background-repeat":"repeat","background-position":"center center","background-size":"auto","background-attachment":"scroll","background-type":"","background-media":"","overlay-type":"","overlay-color":"","overlay-opacity":"","overlay-gradient":""},"tablet":{"background-color":"var(--ast-global-color-5)","background-image":"","background-repeat":"repeat","background-position":"center center","background-size":"auto","background-attachment":"scroll","background-type":"","background-media":"","overlay-type":"","overlay-color":"","overlay-opacity":"","overlay-gradient":""},"mobile":{"background-color":"var(--ast-global-color-5)","background-image":"","background-repeat":"repeat","background-position":"center center","background-size":"auto","background-attachment":"scroll","background-type":"","background-media":"","overlay-type":"","overlay-color":"","overlay-opacity":"","overlay-gradient":""}}},"product_brand":[],"product_cat":[222],"product_tag":[],"class_list":{"0":"post-6911","1":"product","2":"type-product","3":"status-publish","4":"has-post-thumbnail","6":"product_cat-hotove-bezglutenove-chladene-vyrobky","7":"desktop-align-left","8":"tablet-align-left","9":"mobile-align-left","11":"first","12":"instock","13":"taxable","14":"shipping-taxable","15":"purchasable","16":"product-type-simple"},"jetpack_sharing_enabled":true,"_links":{"self":[{"href":"https:\/\/novalim.net\/eshop\/wp-json\/wp\/v2\/product\/6911","targetHints":{"allow":["GET"]}}],"collection":[{"href":"https:\/\/novalim.net\/eshop\/wp-json\/wp\/v2\/product"}],"about":[{"href":"https:\/\/novalim.net\/eshop\/wp-json\/wp\/v2\/types\/product"}],"replies":[{"embeddable":true,"href":"https:\/\/novalim.net\/eshop\/wp-json\/wp\/v2\/comments?post=6911"}],"wp:featuredmedia":[{"embeddable":true,"href":"https:\/\/novalim.net\/eshop\/wp-json\/wp\/v2\/media\/11482"}],"wp:attachment":[{"href":"https:\/\/novalim.net\/eshop\/wp-json\/wp\/v2\/media?parent=6911"}],"wp:term":[{"taxonomy":"product_brand","embeddable":true,"href":"https:\/\/novalim.net\/eshop\/wp-json\/wp\/v2\/product_brand?post=6911"},{"taxonomy":"product_cat","embeddable":true,"href":"https:\/\/novalim.net\/eshop\/wp-json\/wp\/v2\/product_cat?post=6911"},{"taxonomy":"product_tag","embeddable":true,"href":"https:\/\/novalim.net\/eshop\/wp-json\/wp\/v2\/product_tag?post=6911"}],"curies":[{"name":"wp","href":"https:\/\/api.w.org\/{rel}","templated":true}]}}