{"id":1240,"date":"2016-05-06T09:40:34","date_gmt":"2016-05-06T07:40:34","guid":{"rendered":"http:\/\/novalim.net\/obchod\/bezlepkova-babovka-v-pra%c2%9aku\/"},"modified":"2026-04-24T21:49:39","modified_gmt":"2026-04-24T19:49:39","slug":"bezlepkova-babovka-v-prasku","status":"publish","type":"product","link":"https:\/\/novalim.net\/eshop\/obchod\/bezglutenove-polotovary-polotovar\/bezlepkova-babovka-v-prasku\/","title":{"rendered":"B\u00e1bovka bezglut\u00e9nov\u00e1 v pr\u00e1\u0161ku"},"content":{"rendered":"<p>Bezglut\u00e9nov\u00e1 B\u00c1BOVKA v pr\u00e1\u0161ku &#8211; tradi\u010dn\u00e1, s vanilkovou pr\u00edchu\u0165ou. Jednoduch\u00e1 pr\u00edprava \u2013 sta\u010d\u00ed prida\u0165 vajcia a olej. Je vyroben\u00e1 <strong>z prirodzene bezlepkov\u00fdch<\/strong> a bezp\u0161eni\u010dn\u00fdch surov\u00edn. Je vhodn\u00e1 pre v\u00fd\u017eivu pri celiakii, resp. sprue.<\/p>\n<p>Pr\u00edprava:<br \/>\nSuroviny (m\u00fa\u010dna zmes, \u010derstv\u00e9 vajcia, olej) zmie\u0161ame a vy\u0161\u013eah\u00e1me na hladk\u00fa hmotu. D\u00e1me do formy a pe\u010dieme.<br \/>\nAlternat\u00edvne: olej postupne zamie\u0161ame do \u017e\u013atkov na homog\u00e9nnu hmotu , primie\u0161ame m\u00fa\u010dnu zmes a z\u013eahka vmie\u0161ame bielkov\u00fd sneh. D\u00e1me do formy a pe\u010dieme.<\/p>\n<p><strong>Inform\u00e1cie o v\u00fdrobku:<\/strong><\/p>\n<p>Zlo\u017eenie:<br \/>\ncukor, zemiakov\u00fd \u0161krob, kukuri\u010dn\u00fd \u0161krob, <strong>s\u00f3jov\u00e1 m\u00faka<\/strong>, zemiakov\u00e1 m\u00faka, jedl\u00e1 so\u013e, vanil\u00ednov\u00fd cukor, emulg\u00e1tor E471, kypridl\u00e1 E450 a E500<br \/>\nGluten &lt; 20 mg\/kg<\/p>\n<p>100 g v\u00fdrobku priemerne obsahuje:<br \/>\n<strong>Energetick\u00e1 hodnota:<\/strong> 1638 kJ, 386 kcal; <strong>Tuky:<\/strong> 1,0 g z toho 0,04 g nas\u00fdten\u00e9 mastn\u00e9 kyseliny; <strong>Sacharidy:<\/strong> 93,1 g z toho 40,6 g cukry; <strong>Vl\u00e1knina:<\/strong> 0,8 g; <strong>Bielkoviny:<\/strong> 0,7 g; <strong>So\u013e:<\/strong> 0,7 g;<\/p>\n","protected":false},"excerpt":{"rendered":"<p>Bezglut\u00e9nov\u00e1 B\u00c1BOVKA v pr\u00e1\u0161ku &#8211; tradi\u010dn\u00e1, s vanilkovou pr\u00edchu\u0165ou. Jednoduch\u00e1 pr\u00edprava \u2013 sta\u010d\u00ed prida\u0165 vajcia a olej. Je vyroben\u00e1 <strong>z prirodzene bezlepkov\u00fdch<\/strong> a bezp\u0161eni\u010dn\u00fdch surov\u00edn. Je vhodn\u00e1 pre v\u00fd\u017eivu pri celiakii, resp. sprue.<\/p>\n","protected":false},"featured_media":7923,"comment_status":"closed","ping_status":"closed","template":"","meta":{"site-sidebar-layout":"default","site-content-layout":"","ast-site-content-layout":"","site-content-style":"default","site-sidebar-style":"default","ast-global-header-display":"","ast-banner-title-visibility":"","ast-main-header-display":"","ast-hfb-above-header-display":"","ast-hfb-below-header-display":"","ast-hfb-mobile-header-display":"","site-post-title":"","ast-breadcrumbs-content":"","ast-featured-img":"","footer-sml-layout":"","theme-transparent-header-meta":"","adv-header-id-meta":"","stick-header-meta":"","header-above-stick-meta":"","header-main-stick-meta":"","header-below-stick-meta":"","astra-migrate-meta-layouts":"default","ast-page-background-enabled":"default","ast-page-background-meta":{"desktop":{"background-color":"var(--ast-global-color-4)","background-image":"","background-repeat":"repeat","background-position":"center center","background-size":"auto","background-attachment":"scroll","background-type":"","background-media":"","overlay-type":"","overlay-color":"","overlay-opacity":"","overlay-gradient":""},"tablet":{"background-color":"","background-image":"","background-repeat":"repeat","background-position":"center center","background-size":"auto","background-attachment":"scroll","background-type":"","background-media":"","overlay-type":"","overlay-color":"","overlay-opacity":"","overlay-gradient":""},"mobile":{"background-color":"","background-image":"","background-repeat":"repeat","background-position":"center center","background-size":"auto","background-attachment":"scroll","background-type":"","background-media":"","overlay-type":"","overlay-color":"","overlay-opacity":"","overlay-gradient":""}},"ast-content-background-meta":{"desktop":{"background-color":"var(--ast-global-color-5)","background-image":"","background-repeat":"repeat","background-position":"center center","background-size":"auto","background-attachment":"scroll","background-type":"","background-media":"","overlay-type":"","overlay-color":"","overlay-opacity":"","overlay-gradient":""},"tablet":{"background-color":"var(--ast-global-color-5)","background-image":"","background-repeat":"repeat","background-position":"center center","background-size":"auto","background-attachment":"scroll","background-type":"","background-media":"","overlay-type":"","overlay-color":"","overlay-opacity":"","overlay-gradient":""},"mobile":{"background-color":"var(--ast-global-color-5)","background-image":"","background-repeat":"repeat","background-position":"center center","background-size":"auto","background-attachment":"scroll","background-type":"","background-media":"","overlay-type":"","overlay-color":"","overlay-opacity":"","overlay-gradient":""}}},"product_brand":[],"product_cat":[228],"product_tag":[],"class_list":{"0":"post-1240","1":"product","2":"type-product","3":"status-publish","4":"has-post-thumbnail","6":"product_cat-bezglutenove-polotovary-polotovar","7":"desktop-align-left","8":"tablet-align-left","9":"mobile-align-left","11":"first","12":"instock","13":"taxable","14":"shipping-taxable","15":"purchasable","16":"product-type-simple"},"jetpack_sharing_enabled":true,"_links":{"self":[{"href":"https:\/\/novalim.net\/eshop\/wp-json\/wp\/v2\/product\/1240","targetHints":{"allow":["GET"]}}],"collection":[{"href":"https:\/\/novalim.net\/eshop\/wp-json\/wp\/v2\/product"}],"about":[{"href":"https:\/\/novalim.net\/eshop\/wp-json\/wp\/v2\/types\/product"}],"replies":[{"embeddable":true,"href":"https:\/\/novalim.net\/eshop\/wp-json\/wp\/v2\/comments?post=1240"}],"wp:featuredmedia":[{"embeddable":true,"href":"https:\/\/novalim.net\/eshop\/wp-json\/wp\/v2\/media\/7923"}],"wp:attachment":[{"href":"https:\/\/novalim.net\/eshop\/wp-json\/wp\/v2\/media?parent=1240"}],"wp:term":[{"taxonomy":"product_brand","embeddable":true,"href":"https:\/\/novalim.net\/eshop\/wp-json\/wp\/v2\/product_brand?post=1240"},{"taxonomy":"product_cat","embeddable":true,"href":"https:\/\/novalim.net\/eshop\/wp-json\/wp\/v2\/product_cat?post=1240"},{"taxonomy":"product_tag","embeddable":true,"href":"https:\/\/novalim.net\/eshop\/wp-json\/wp\/v2\/product_tag?post=1240"}],"curies":[{"name":"wp","href":"https:\/\/api.w.org\/{rel}","templated":true}]}}