{"id":11079,"date":"2023-02-08T13:14:25","date_gmt":"2023-02-08T11:14:25","guid":{"rendered":"https:\/\/novalim.net\/eshop1\/?post_type=product&#038;p=11079"},"modified":"2026-05-11T10:55:25","modified_gmt":"2026-05-11T08:55:25","slug":"lievance-bezglutenove-v-prasku","status":"publish","type":"product","link":"https:\/\/novalim.net\/eshop\/obchod\/bezglutenove-polotovary-polotovar\/lievance-bezglutenove-v-prasku\/","title":{"rendered":"LIEVANCE bezglut\u00e9nov\u00e9 v pr\u00e1\u0161ku"},"content":{"rendered":"<p><strong>LIEVANCE bezglut\u00e9nov\u00e9 v pr\u00e1\u0161ku<\/strong>&#8211; T\u00e1to bezglut\u00e9nov\u00e1 zmes je ur\u010den\u00e1 na pr\u00edpravu kysnut\u00fdch alebo kypren\u00fdch lievancov, hlavne na priamu spotrebu, ktor\u00e9 sa v\u0161ak m\u00f4\u017eu aj uskladni\u0165, napr. zamrazen\u00edm.<\/p>\n<p><strong>Pr\u00edprava: <\/strong><\/p>\n<p>Do vhodnej misky nasypeme obsah vrecka, prid\u00e1me 3,5 dl teplej vody, 10 g \u010derstv\u00e9ho dro\u017edia, \u0161tipku soli a vymie\u0161ame spolu na hladk\u00e9 cesto. Nech\u00e1me kysn\u00fa\u0165 na teplom mieste 30-40 min\u00fat. Lievance opek\u00e1me z oboch str\u00e1n na dobre rozp\u00e1lenom oleji do zlatohneda. Pod\u00e1vame e\u0161te tepl\u00e9 ochuten\u00e9 lekv\u00e1rom, tvarohom, \u010dokol\u00e1dou a pod.<br \/>\nAko r\u00fdchlej\u0161iu alternat\u00edvu m\u00f4\u017eeme namiesto dro\u017edia pou\u017ei\u0165 kypriaci pr\u00e1\u0161ok bez lepku. Po vymie\u0161an\u00ed cesta m\u00f4\u017eeme lievance ihne\u010f piec\u0165.<\/p>\n<p><strong>Inform\u00e1cie o v\u00fdrobku:<\/strong><\/p>\n<p><strong>Zlo\u017eenie:<\/strong> kukuri\u010dn\u00fd \u0161krob, ry\u017eov\u00e1 m\u00faka, kukuri\u010dn\u00e1 m\u00faka, cukor pr\u00e1\u0161kov\u00fd, poh\u00e1nkov\u00e1 m\u00faka, su\u0161en\u00e1 vaje\u010dn\u00e1 hmota, bielkovinov\u00fd koncentr\u00e1t z vl\u010dieho b\u00f4bu, cukor s etylvanil\u00ednom.<\/p>\n<p>100 g v\u00fdrobku priemerne obsahuje:<br \/>\n<strong>Energetick\u00e1 hodnota:<\/strong> 1598 kJ, 382 kcal; <strong>Tuky:<\/strong> 2,9 g z toho 0,7 g nas\u00fdten\u00e9 mastn\u00e9 kyseliny; <strong>Sacharidy:<\/strong> 81,7 g z toho 10,1 g cukry; <strong>Vl\u00e1knina:<\/strong> 2,4 g; <strong>Bielkoviny:<\/strong> 7,2 g; <strong>So\u013e:<\/strong> 0,07 g<br \/>\n* Percento refen\u010dn\u00e9ho pr\u00edjmu priemern\u00e9ho dospel\u00e9ho (8400 kJ\/ 2000 kcal)<br \/>\nGluten &lt; 20 mg\/kg<\/p>\n<p>Hmotnos\u0165 balenia: 300 g<\/p>\n","protected":false},"excerpt":{"rendered":"<p>LIEVANCE bezglut\u00e9nov\u00e9 v pr\u00e1\u0161ku&#8211; T\u00e1to bezglut\u00e9nov\u00e1 zmes je ur\u010den\u00e1 na pr\u00edpravu kysnut\u00fdch alebo kypren\u00fdch lievancov, hlavne na priamu spotrebu, ktor\u00e9 [&hellip;]<\/p>\n","protected":false},"featured_media":11081,"comment_status":"open","ping_status":"closed","template":"","meta":{"site-sidebar-layout":"default","site-content-layout":"","ast-site-content-layout":"","site-content-style":"default","site-sidebar-style":"default","ast-global-header-display":"","ast-banner-title-visibility":"","ast-main-header-display":"","ast-hfb-above-header-display":"","ast-hfb-below-header-display":"","ast-hfb-mobile-header-display":"","site-post-title":"","ast-breadcrumbs-content":"","ast-featured-img":"","footer-sml-layout":"","theme-transparent-header-meta":"","adv-header-id-meta":"","stick-header-meta":"","header-above-stick-meta":"","header-main-stick-meta":"","header-below-stick-meta":"","astra-migrate-meta-layouts":"default","ast-page-background-enabled":"default","ast-page-background-meta":{"desktop":{"background-color":"var(--ast-global-color-4)","background-image":"","background-repeat":"repeat","background-position":"center center","background-size":"auto","background-attachment":"scroll","background-type":"","background-media":"","overlay-type":"","overlay-color":"","overlay-opacity":"","overlay-gradient":""},"tablet":{"background-color":"","background-image":"","background-repeat":"repeat","background-position":"center center","background-size":"auto","background-attachment":"scroll","background-type":"","background-media":"","overlay-type":"","overlay-color":"","overlay-opacity":"","overlay-gradient":""},"mobile":{"background-color":"","background-image":"","background-repeat":"repeat","background-position":"center center","background-size":"auto","background-attachment":"scroll","background-type":"","background-media":"","overlay-type":"","overlay-color":"","overlay-opacity":"","overlay-gradient":""}},"ast-content-background-meta":{"desktop":{"background-color":"var(--ast-global-color-5)","background-image":"","background-repeat":"repeat","background-position":"center center","background-size":"auto","background-attachment":"scroll","background-type":"","background-media":"","overlay-type":"","overlay-color":"","overlay-opacity":"","overlay-gradient":""},"tablet":{"background-color":"var(--ast-global-color-5)","background-image":"","background-repeat":"repeat","background-position":"center center","background-size":"auto","background-attachment":"scroll","background-type":"","background-media":"","overlay-type":"","overlay-color":"","overlay-opacity":"","overlay-gradient":""},"mobile":{"background-color":"var(--ast-global-color-5)","background-image":"","background-repeat":"repeat","background-position":"center center","background-size":"auto","background-attachment":"scroll","background-type":"","background-media":"","overlay-type":"","overlay-color":"","overlay-opacity":"","overlay-gradient":""}}},"product_brand":[],"product_cat":[228],"product_tag":[],"class_list":{"0":"post-11079","1":"product","2":"type-product","3":"status-publish","4":"has-post-thumbnail","6":"product_cat-bezglutenove-polotovary-polotovar","7":"desktop-align-left","8":"tablet-align-left","9":"mobile-align-left","11":"first","12":"outofstock","13":"taxable","14":"shipping-taxable","15":"purchasable","16":"product-type-simple"},"jetpack_sharing_enabled":true,"_links":{"self":[{"href":"https:\/\/novalim.net\/eshop\/wp-json\/wp\/v2\/product\/11079","targetHints":{"allow":["GET"]}}],"collection":[{"href":"https:\/\/novalim.net\/eshop\/wp-json\/wp\/v2\/product"}],"about":[{"href":"https:\/\/novalim.net\/eshop\/wp-json\/wp\/v2\/types\/product"}],"replies":[{"embeddable":true,"href":"https:\/\/novalim.net\/eshop\/wp-json\/wp\/v2\/comments?post=11079"}],"wp:featuredmedia":[{"embeddable":true,"href":"https:\/\/novalim.net\/eshop\/wp-json\/wp\/v2\/media\/11081"}],"wp:attachment":[{"href":"https:\/\/novalim.net\/eshop\/wp-json\/wp\/v2\/media?parent=11079"}],"wp:term":[{"taxonomy":"product_brand","embeddable":true,"href":"https:\/\/novalim.net\/eshop\/wp-json\/wp\/v2\/product_brand?post=11079"},{"taxonomy":"product_cat","embeddable":true,"href":"https:\/\/novalim.net\/eshop\/wp-json\/wp\/v2\/product_cat?post=11079"},{"taxonomy":"product_tag","embeddable":true,"href":"https:\/\/novalim.net\/eshop\/wp-json\/wp\/v2\/product_tag?post=11079"}],"curies":[{"name":"wp","href":"https:\/\/api.w.org\/{rel}","templated":true}]}}